 = 4*s - 25, 8 = 4*p. Calculate the highest common divisor of 135 and s.
27
Suppose -29 = -4*k + 11. Let r = 1 + k. Suppose v - 5*v = -2*a + 2, -4*v + 53 = 3*a. Calculate the greatest common divisor of r and a.
11
Suppose -27*u + 21*u + 192 = 0. Let m(o) = 16*o. Let c be m(3). What is the highest common divisor of c and u?
16
Let w be 1/((-2)/87*(-9)/12). Calculate the highest common divisor of 754 and w.
58
Let l be 146 - (7 - ((-35)/7 - -6)). What is the highest common divisor of l and 1890?
70
Let z be (((-5)/40)/(2/8))/((-10)/180). Let k = 7 - 11. Let q(i) = -6*i - 6. Let s be q(k). Calculate the greatest common divisor of s and z.
9
Let o be (-2)/5 - (-74)/10. Suppose -3*x + 5*w + 29 = 0, -28 = -3*x + 3*w - o. Suppose -156 = -69*z + 51. What is the highest common factor of x and z?
3
Let s(h) = -h**2 - 8*h. Let z be s(-4). Suppose -4*f + 3*y + 145 = 0, 4*f - 4*y = -3*y + 155. What is the highest common divisor of z and f?
8
Suppose 5*l - 3*y - 24 = 0, 2*y = 7*l - 2*l - 26. Let v be (-7)/(-21) + (-2)/l. Suppose 4*b - 134 + 30 = v. Calculate the highest common factor of b and 39.
13
Let w be (2 - 0) + -3 - -287. Suppose -206 + 533 - 145 = 7*j. Calculate the greatest common divisor of w and j.
26
Let p be ((-14)/(-4) - 4)*-12. Let o(x) = -5*x - 189. Let k be o(-39). What is the highest common divisor of p and k?
6
Let l(f) = -2*f + 18. Let y be l(9). Suppose b + 4*b = 3*w - 65, 4*w + 3*b - 48 = y. Calculate the highest common factor of 120 and w.
15
Let k(q) = 61*q**3 - 3*q**2 + 13*q - 22. Let n be k(2). Calculate the greatest common factor of n and 15.
15
Suppose 15*x + 407 - 1982 = 0. Calculate the greatest common divisor of x and 7.
7
Let z(g) = 42*g**2 + 7*g. Let q be z(3). Calculate the highest common divisor of 21 and q.
21
Let j be (-180)/(-2)*(7/14 - 2). Let v = j - -172. What is the greatest common factor of 111 and v?
37
Let m = 74 - 70. Let u be (6*8)/((-3)/(-2)). Calculate the greatest common divisor of m and u.
4
Let u(j) = j**2 - 1. Let b = 21 + -23. Let d be u(b). Let a(c) = 15*c**2 - c - 4. Let i be a(d). Calculate the greatest common divisor of 16 and i.
16
Let c(u) = -u**3 - 33*u**2 + 35*u + 51. Let r be c(-34). Calculate the highest common divisor of r and 17.
17
Let w be 1933/4 + (-24)/(-32). Suppose -110 + w = 11*u. What is the highest common divisor of 17 and u?
17
Suppose 3*v - 20 = -2*v. Let c be v*(15/4 + -1). Calculate the greatest common divisor of c and 77.
11
Suppose 3*g = 3*s + 63, 3*g = 8*g + s - 123. What is the highest common factor of g and 588?
12
Suppose -3*p - 22 = -28. Suppose -10 + 52 = p*o. What is the highest common factor of 14 and o?
7
Let u be ((-30)/9)/(-5)*96/1. Let x = 94 - u. Calculate the greatest common divisor of 10 and x.
10
Let k be 8/6 - 1600/(-24). Let a = k - 38. What is the greatest common divisor of a and 15?
15
Suppose -s + 6 + 1 = 0. Suppose -817 - 83 + 18 = -14*j. Calculate the highest common divisor of j and s.
7
Let i be 34/(-4) - (-6)/4. Let y = 15 + i. Suppose -b - 80 = -3*b. What is the highest common divisor of b and y?
8
Let u(g) = g**2 - 2. Let h be u(2). Let y be (12/(-30))/(2/(-80)). Suppose h*f - 28 = y. Calculate the greatest common factor of f and 11.
11
Let r(l) = 2*l - 4 + 8 + 2 + l**2. Let w be r(-4). Let m(j) = j**3 - j**2 - j + 28. Let i be m(0). Calculate the greatest common factor of i and w.
14
Suppose -44 - 20 = 16*y. Let d = -70 + 106. Let m be 1504/d + y/(-18). Calculate the highest common factor of 6 and m.
6
Let w be 1 - 0/1 - -10. Let s be (11 + -7)*(3 + -2). Suppose 0*j - s*j + 4 = 0. What is the highest common divisor of j and w?
1
Let g be -3 + 0 + -1 + 7. Suppose 5*w = 3*h - 34, 32 = g*h - 4*w - 0*w. Suppose 4 = 2*l, -l = 5*v - 2*l - 118. What is the highest common factor of h and v?
8
Suppose -4*m - 4*q = -160, 2*m - m = 3*q + 36. Calculate the greatest common divisor of 312 and m.
39
Suppose 227 = 5*d - 2*a, -3*a + 177 = d + 3*d. What is the highest common divisor of d and 30?
15
Let l(d) = 95*d + 411. Let s be l(-4). Calculate the highest common factor of s and 31.
31
Suppose -i + 16 = 4*q, -i + 0*q - 5 = -3*q. Suppose 88 = 4*m + i. Let g be 1*4*(-3)/(-4). Calculate the highest common divisor of m and g.
3
Let o(l) = -27*l + 14. Suppose -2*v - 1 = 4*t + 1, -5 = -v + t. Let g = v - 9. Let j be o(g). Calculate the highest common factor of 16 and j.
16
Let y = 137 + -106. What is the greatest common divisor of 124 and y?
31
Let p(n) = n**3 - n**2 - 9*n + 8. Let k be p(4). Let g be (k/30)/((-6)/(-171)). What is the highest common factor of 76 and g?
19
Suppose 5*x - b = 3, 2*x + 2 = -4*b + 6*b. Let g be ((-60)/(-8) + x)*2. What is the greatest common factor of g and 85?
17
Suppose -52*a - 19275 = -112875. Calculate the highest common divisor of 72 and a.
72
Suppose -3*o - 5*b = -6, -o + 6 = 2*o + 3*b. Let p be -1*(o + -6 + 8). Let c be (p/12)/(2/(-96)). What is the highest common factor of 16 and c?
16
Let q(j) = j**2 + 14*j - 23. Let l be q(-16). Suppose -r + 136 = 5*g, r - 3 = -2. What is the greatest common factor of l and g?
9
Let n(i) = 3*i**2 + 32*i - 140. Let z be n(4). What is the greatest common divisor of 78 and z?
6
Let o be 57/15 + 3/15. Suppose 2*q + 32 = -4*u, 44 = -4*u - o*q - q. Let k = 14 + u. What is the greatest common factor of k and 24?
8
Suppose 5 = 4*x + 4*k + 101, -4*x - 5*k - 100 = 0. Let c = 14 + x. Let j = c + 17. What is the greatest common divisor of j and 121?
11
Let u(t) = -2*t**3 + 20*t**2 - 17*t + 18. Let y be u(8). Suppose r + 18 - 62 = -b, -4*b + 180 = 2*r. Calculate the greatest common factor of y and b.
46
Let p(k) = -k**2 - 33*k + 84. Let a be p(-35). Calculate the greatest common factor of a and 28.
14
Suppose 2*u = -4*n + 132, -n + 26 = 2*u - 5*u. What is the highest common divisor of 48 and n?
16
Let f(w) = w + 29. Let s be f(-13). Suppose a + a + 4*q = 36, a = -4*q + s. What is the highest common divisor of 220 and a?
20
Let v be 16 - 11/((-66)/(-24)). What is the greatest common factor of v and 36?
12
Suppose 9 = 3*j + 3*m, -8*j + 3*j = 2*m - 12. Let x be (-3 - -3) + -3*j. Let i be (18/12)/(x/(-40)). Calculate the greatest common divisor of i and 20.
10
Suppose 0 = 3*y + 2 - 5. Let n(q) = 140*q**2. Let o be n(y). Suppose -2*i - 3*i + o = 0. Calculate the highest common factor of 14 and i.
14
Let n(o) = -55*o**2 + 3*o + 2. Let a be n(-1). Let h = a + 264. Calculate the greatest common divisor of h and 26.
26
Suppose -2*o = -6*o + 4*r + 184, 0 = 4*o + 4*r - 152. What is the greatest common divisor of o and 150?
6
Let q = -346 + 737. Let m = 589 - q. Calculate the greatest common divisor of 18 and m.
18
Suppose 0 = 30*t - 10*t - 60. Calculate the highest common factor of 57 and t.
3
Let q(z) = -26*z**2 - 2*z - 1. Let i be q(-1). Let u be 40*36/(-36)*(-1 - 1). Let m be (u/i)/((-4)/10). Calculate the greatest common divisor of m and 12.
4
Let o be (-137)/(-15) - (644/105 - 6). Suppose -o*f + 1218 = -3*f. What is the greatest common factor of 29 and f?
29
Suppose 3*a - 498 - 242 = -2*i, 3*i = -4*a + 988. Calculate the highest common factor of a and 4.
4
Suppose 5*y + 2*b - 180 = 0, -4*y + 3*b = 4*b - 141. Let i = 24 - y. Let v be 478/10 - 2/i. Calculate the greatest common divisor of 6 and v.
6
Let s = 471 + -221. Calculate the greatest common factor of 100 and s.
50
Let x = -78 - -121. Suppose -3*a = -5 - x. Suppose -424 = -13*o + 200. Calculate the highest common divisor of o and a.
16
Let i = -49 + 79. Let r(o) = -2*o**2 - 2*o + 6. Let b be r(-6). Let u = b + 69. What is the highest common divisor of u and i?
15
Let l be (-2)/10 - (-6)/30. Suppose -5*m + 70 = -l. What is the greatest common factor of 98 and m?
14
Let a(z) = 5*z + 7. Let s be a(-1). Calculate the highest common divisor of 16 and s.
2
Suppose -2*j + 3*a = -20, 42 = 11*j - 7*j - 5*a. Let k = 34 + 18. What is the highest common factor of k and j?
13
Suppose b + 0*n = 5*n + 26, -2*n + 10 = 0. Let y = 61 - b. Calculate the greatest common factor of 5 and y.
5
Let f(w) = 9*w - 27. Let p be f(5). What is the highest common divisor of 261 and p?
9
Suppose 0*c + 4*c = h + 17, h = -5. Let r(u) = -u**3 + 9*u**2 + 3*u + 3. Let b be r(9). What is the greatest common divisor of b and c?
3
Suppose -371 = 3*r + 5*f, 299 = 4*r - 4*f + 815. Let c = r - -187. C